t is the units digit of 2849072?
2
What is the ten thousands digit of 4583741?
8
What is the units digit of 771973?
3
What is the hundred thousands digit of 1381317?
3
What is the tens digit of 454598?
9
What is the ten millions digit of 44430949?
4
What is the hundreds digit of 130655?
6
What is the hundred thousands digit of 1181333?
1
What is the ten thousands digit of 1141432?
4
What is the ten thousands digit of 883571?
8
What is the ten thousands digit of 3014805?
1
What is the hundred thousands digit of 1480931?
4
What is the thousands digit of 15090430?
0
What is the units digit of 164117?
7
What is the units digit of 4030153?
3
What is the hundred thousands digit of 584721?
5
What is the millions digit of 19259682?
9
What is the tens digit of 1452923?
2
What is the hundreds digit of 201560?
5
What is the millions digit of 4270390?
4
What is the tens digit of 176853?
5
What is the units digit of 390539?
9
What is the tens digit of 6051941?
4
What is the hundreds digit of 1137265?
2
What is the hundreds digit of 2806292?
2
What is the thousands digit of 2543770?
3
What is the tens digit of 4827388?
8
What is the tens digit of 189989?
8
What is the tens digit of 5466704?
0
What is the thousands digit of 21066?
1
What is the ten thousands digit of 120123?
2
What is the ten thousands digit of 344751?
4
What is the hundred thousands digit of 125444?
1
What is the hundred thousands digit of 610616?
6
What is the hundred thousands digit of 4353983?
3
What is the hundred thousands digit of 496054?
4
What is the ten thousands digit of 240602?
4
What is the tens digit of 14098003?
0
What is the tens digit of 669208?
0
What is the millions digit of 2819991?
2
What is the units digit of 6987624?
4
What is the hundred thousands digit of 417738?
4
What is the hundreds digit of 114097?
0
What is the thousands digit of 4759869?
9
What is the hundreds digit of 161450?
4
What is the hundreds digit of 47654?
6
What is the thousands digit of 20835539?
5
What is the ten thousands digit of 2252034?
5
What is the ten thousands digit of 3611050?
1
What is the thousands digit of 284427?
4
What is the ten thousands digit of 361603?
6
What is the hundreds digit of 473858?
8
What is the units digit of 379525?
5
What is the ten thousands digit of 713500?
1
What is the units digit of 11196698?
8
What is the units digit of 34132?
2
What is the hundred thousands digit of 1786239?
7
What is the hundred thousands digit of 33158899?
1
What is the units digit of 26549566?
6
What is the millions digit of 7031910?
7
What is the thousands digit of 11049481?
9
What is the thousands digit of 1239410?
9
What is the tens digit of 1702267?
6
What is the ten thousands digit of 1294305?
9
What is the ten thousands digit of 434686?
3
What is the thousands digit of 3133272?
3
What is the ten thousands digit of 13707943?
0
What is the hundred thousands digit of 3714841?
7
What is the millions digit of 12082591?
2
What is the hundred thousands digit of 6947771?
9
What is the thousands digit of 404641?
4
What is the ten thousands digit of 7842559?
4
What is the hundreds digit of 833118?
1
What is the ten thousands digit of 5055640?
5
What is the hundreds digit of 847299?
2
What is the units digit of 272439?
9
What is the millions digit of 21407732?
1
What is the millions digit of 9426189?
9
What is the ten thousands digit of 27115?
2
What is the millions digit of 12728239?
2
What is the units digit of 70525?
5
What is the hundreds digit of 2503417?
4
What is the hundreds digit of 3455237?
2
What is the hundreds digit of 6951335?
3
What is the ten thousands digit of 229877?
2
What is the hundreds digit of 110148?
1
What is the units digit of 277072?
2
What is the thousands digit of 209031?
9
What is the millions digit of 17760570?
7
What is the ten thousands digit of 24379509?
7
What is the hundreds digit of 2106125?
1
What is the ten thousands digit of 113020?
1
What is the ten thousands digit of 851526?
5
What is the hundred thousands digit of 319829?
3
What is the units digit of 2162478?
8
What is the hundred thousands digit of 7837428?
8
What is the hundreds digit of 5595861?
8
What is the ten thousands digit of 13089106?
8
What is the tens digit of 108560?
6
What is the hundred thousands digit of 6375291?
3
What is the hundred thousands digit of 1562922?
5
What is the hundreds digit of 161398?
3
What is the units digit of 158238?
8
What is the ten thousands digit of 122647?
2
What is the hundred thousands digit of 2702915?
7
What is the tens digit of 605680?
8
What is the thousands digit of 481499?
1
What is the ten thousands digit of 12615844?
1
What is the ten thousands digit of 155669?
5
What is the tens digit of 17171639?
3
What is the hundreds digit of 536187?
1
What is the millions digit of 6086971?
6
What is the tens digit of 2559864?
6
What is the thousands digit of 9842419?
2
What is the tens digit of 7507?
0
What is the ten thousands digit of 253291?
5
What is the thousands digit of 588686?
8
What is the hundreds digit of 992458?
4
What is the hundred thousands digit of 2166621?
1
What is the tens digit of 710739?
3
What is the millions digit of 3492485?
3
What is the units digit of 22631635?
5
What is the units digit of 134295?
5
What is the millions digit of 22275531?
2
What is the thousands digit of 1870?
1
What is the tens digit of 40849?
4
What is the units digit of 24019506?
6
What is the millions digit of 8813531?
8
What is the units digit of 527594?
4
What is the thousands digit of 19689042?
9
What is the millions digit of 2601295?
2
What is the hundreds digit of 650953?
9
What is the hundred thousands digit of 3329553?
3
What is the hundred thousands digit of 4830046?
8
What is the thousands digit of 770584?
0
What is the ten thousands digit of 29039718?
3
What is the hundreds digit of 158592?
5
What is the hundreds digit of 16392939?
9
What is the ten thousands digit of 1808157?
0
What is the millions digit of 2011293?
2
What is the hundreds digit of 4581623?
6
What is the millions digit of 6946052?
6
What is the units digit of 19249030?
0
What is the hundred thousands digit of 2261431?
2
What is the millions digit of 17741467?
7
What is the tens digit of 77228?
2
What is the units digit of 200369?
9
What is the thousands digit of 3723512?
3
What is the millions digit of 1068076?
1
What is the ten thousands digit of 16280?
1
What is the hundred thousands digit of 2992813?
9
What is the tens digit of 14251686?
8
What is the hundreds digit of 110633?
6
What is the tens digit of 6057441?
4
What is the hundred thousands digit of 3695020?
6
What is the ten thousands digit of 999012?
9
What is the hundred thousands digit of 20487612?
4
What is the thousands digit of 637670?
7
What is the units digit of 295241?
1
What is the units digit of 213733?
3
What is the tens digit of 33508?
0
What is the ten millions digit of 36271103?
3
What is the thousands digit of 142978?
2
What is the hundred thousands digit of 161643?
1
What is the tens digit of 59058?
5
What is the hundreds digit of 243949?
9
What is the hundreds digit of 156260?
2
What is the units digit of 3824249?
9
What is the units digit of 139545?
5
What is the thousands digit of 9592817?
2
What is the units digit of 218501?
1
What is the millions digit of 9472741?
9
What is the hundreds digit of 5401430?
4
What is the hundreds digit of 193560?
5
What is the tens digit of 4526518?
1
What is the ten thousands digit of 437124?
3
What is the units digit of 9496919?
9
What is the hundreds digit of 397459?
4
What is the ten thousands digit of 5483656?
8
What is the thousands digit of 689157?
9
What is the ten thousands digit of 196638?
9
What is the units digit of 91035?
5
What is the hundreds digit of 6938125?
1
What is the tens digit of 2778761?
6
What is the units digit of 8389484?
4
What is the units digit of 9753080?
0
What is the millions digit of 7423695?
7
What is the hundreds digit of 1881130?
1
What is the ten thousands digit of 4802550?
0
What is the thousands digit of 916988?
6
What is the ten thousands digit of 252125?
5
What is the hundred thousands digit of 2958606?
9
What is the units digit of 1874170?
0
What is the hundreds digit of 8078?
0
What is the hundreds digit of 11067312?
3
What is the thou